{"id":199,"date":"2025-04-16T18:50:23","date_gmt":"2025-04-16T18:50:23","guid":{"rendered":"https:\/\/vevokoveteles.ensure.hu\/?page_id=199"},"modified":"2025-04-16T19:25:13","modified_gmt":"2025-04-16T19:25:13","slug":"vedje-meg-vallalkozasat-a-nemfizetes-kockazatatol","status":"publish","type":"page","link":"https:\/\/vevokoveteles.ensure.hu\/","title":{"rendered":"V\u00e9dje meg v\u00e1llalkoz\u00e1s\u00e1t a nemfizet\u00e9s kock\u00e1zat\u00e1t\u00f3l!"},"content":{"rendered":"\n<div class=\"wp-block-columns is-layout-flex wp-container-core-columns-is-layout-1 wp-block-columns-is-layout-flex\">\n<div class=\"wp-block-column is-layout-flow wp-block-column-is-layout-flow\">\n<p><\/p>\n\n\n\n<p><\/p>\n\n\n\n<h4 class=\"wp-block-heading\">A mai \u00fczleti k\u00f6rnyezetben a vev\u0151k fizet\u00e9si k\u00e9sedelmei vagy nemfizet\u00e9sei komoly p\u00e9nz\u00fcgyi neh\u00e9zs\u00e9geket okozhatnak. A hitelbiztos\u00edt\u00e1s megv\u00e9di v\u00e1llalkoz\u00e1s\u00e1t ezekt\u0151l a kock\u00e1zatokt\u00f3l, biztos\u00edtva a stabil cash flow-t \u00e9s a nyugodt \u00fczletmenetet.<\/h4>\n<\/div>\n\n\n\n<div class=\"wp-block-column is-layout-flow wp-block-column-is-layout-flow\">\n<figure class=\"wp-block-image aligncenter size-large\"><img loading=\"lazy\" decoding=\"async\" width=\"1024\" height=\"683\" src=\"https:\/\/vevokoveteles.ensure.hu\/wp-content\/uploads\/2025\/04\/justice-423446-1024x683.jpg\" alt=\"\" class=\"wp-image-163\" srcset=\"https:\/\/vevokoveteles.ensure.hu\/wp-content\/uploads\/2025\/04\/justice-423446-1024x683.jpg 1024w, https:\/\/vevokoveteles.ensure.hu\/wp-content\/uploads\/2025\/04\/justice-423446-300x200.jpg 300w, https:\/\/vevokoveteles.ensure.hu\/wp-content\/uploads\/2025\/04\/justice-423446-768x512.jpg 768w, https:\/\/vevokoveteles.ensure.hu\/wp-content\/uploads\/2025\/04\/justice-423446-1536x1024.jpg 1536w, https:\/\/vevokoveteles.ensure.hu\/wp-content\/uploads\/2025\/04\/justice-423446-2048x1365.jpg 2048w\" sizes=\"auto, (max-width: 1024px) 100vw, 1024px\" \/><\/figure>\n<\/div>\n<\/div>\n\n\n\n<div style=\"height:100px\" aria-hidden=\"true\" class=\"wp-block-spacer\"><\/div>\n\n\n\n<div class=\"wp-block-columns is-layout-flex wp-container-core-columns-is-layout-2 wp-block-columns-is-layout-flex\">\n<div class=\"wp-block-column is-layout-flow wp-block-column-is-layout-flow\">\n<h5 class=\"wp-block-heading\">\u00c1lland\u00f3 kock\u00e1zatot jelent a v\u00e1llalkoz\u00e1s\u00e1ban, hogy a vev\u0151i <br>kifizetik-e a sz\u00e1ml\u00e1ikat?<\/h5>\n<\/div>\n\n\n\n<div class=\"wp-block-column is-layout-flow wp-block-column-is-layout-flow\">\n<h5 class=\"wp-block-heading\">Halasztott fizet\u00e9ssel \u00faj vev\u0151ket tudna megszerezni, de tart a nemfizet\u00e9si kock\u00e1zatt\u00f3l?<\/h5>\n<\/div>\n\n\n\n<div class=\"wp-block-column is-layout-flow wp-block-column-is-layout-flow\">\n<h5 class=\"wp-block-heading\">T\u00fal sok id\u0151t ford\u00edt a k\u00f6vetel\u00e9skezel\u00e9sre, ahelyett, hogy az \u00fczletfejleszt\u00e9sre tudna koncentr\u00e1lni?<\/h5>\n<\/div>\n<\/div>\n\n\n\n<figure class=\"wp-block-image aligncenter size-full\"><img loading=\"lazy\" decoding=\"async\" width=\"834\" height=\"440\" src=\"https:\/\/vevokoveteles.ensure.hu\/wp-content\/uploads\/2025\/04\/megszunt_vallalkozasok-1.jpg\" alt=\"\" class=\"wp-image-202\" srcset=\"https:\/\/vevokoveteles.ensure.hu\/wp-content\/uploads\/2025\/04\/megszunt_vallalkozasok-1.jpg 834w, https:\/\/vevokoveteles.ensure.hu\/wp-content\/uploads\/2025\/04\/megszunt_vallalkozasok-1-300x158.jpg 300w, https:\/\/vevokoveteles.ensure.hu\/wp-content\/uploads\/2025\/04\/megszunt_vallalkozasok-1-768x405.jpg 768w\" sizes=\"auto, (max-width: 834px) 100vw, 834px\" \/><\/figure>\n\n\n\n<div style=\"height:100px\" aria-hidden=\"true\" class=\"wp-block-spacer\"><\/div>\n\n\n\n<h2 class=\"wp-block-heading alignfull has-text-align-center\"><strong>Mi\u00e9rt van sz\u00fcks\u00e9ge a c\u00e9gemnek hitelbiztos\u00edt\u00e1sra?<\/strong><\/h2>\n\n\n\n<ul class=\"wp-block-list\">\n<li><strong>K\u00e1rt\u00e9r\u00edt\u00e9s: <\/strong>A biztos\u00edt\u00f3 az \u00d6n nemfizet\u00e9sb\u0151l ered\u0151 lejelent\u00e9se alapj\u00e1n gondoskodik az \u00fczleti partnere tartoz\u00e1s\u00e1nak behajt\u00e1s\u00e1r\u00f3l, ennek sikertelens\u00e9ge eset\u00e9n pedig kifizeti \u00d6nnek a kibocs\u00e1tott sz\u00e1mla \u00c1fa-val n\u00f6velt \u00e9rt\u00e9k\u00e9nek 90%-\u00e1t k\u00e1rel\u0151legk\u00e9nt<strong>.<\/strong><\/li>\n\n\n\n<li><strong>Forgalomn\u00f6veked\u00e9s:<\/strong> \u00daj partnerek eset\u00e9ben is nyugodtan k\u00edn\u00e1lhat halasztott fizet\u00e9st, n\u00f6velve ezzel \u00e9rt\u00e9kes\u00edt\u00e9seit.<\/li>\n\n\n\n<li><strong>Export:&nbsp; <\/strong>k\u00fclf\u00f6ldi vev\u0151k eset\u00e9n is v\u00e9delmet ny\u00fajt a halasztott fizet\u00e9ses sz\u00e1ml\u00e1ira<\/li>\n\n\n\n<li><strong>Finansz\u00edroz\u00e1s k\u00f6nny\u00edt\u00e9se:<\/strong> A biztos\u00edtott k\u00f6vetel\u00e9sek jav\u00edtj\u00e1k a finansz\u00edroz\u00e1si lehet\u0151s\u00e9geket, mivel a bankok \u00e9s faktorh\u00e1zak kedvez\u0151en \u00edt\u00e9lik meg ezt a kock\u00e1zatcs\u00f6kkent\u00e9st.<\/li>\n\n\n\n<li><strong>Fizet\u00e9si mor\u00e1l javul\u00e1sa:<\/strong> A biztos\u00edt\u00e1ssal rendelkez\u0151 c\u00e9gek partnerei hajlamosabbak id\u0151ben fizetni, cs\u00f6kkentve a k\u00e9sedelmes fizet\u00e9sek sz\u00e1m\u00e1t.<\/li>\n\n\n\n<li><strong>K\u00f6vetel\u00e9s kezel\u00e9s nem biztos\u00edtott partnerek eset\u00e9ben is : <\/strong>A biztos\u00edt\u00e1sba b\u00e1rmilyen okb\u00f3l be nem vont vev\u0151inek azesetleges tartoz\u00e1sait is k\u00e9pesek kezelni a biztos\u00edt\u00f3k sikerd\u00edj ellen\u00e9ben<\/li>\n\n\n\n<li><strong>Saj\u00e1t rendszerbe integr\u00e1l\u00e1s: <\/strong>A hitelbiztos\u00edt\u00e1si \u00e9s opcion\u00e1lisan a c\u00e9ginform\u00e1ci\u00f3s rendszer \u00f6sszekapcsolhat\u00f3 a c\u00e9ges rendszer\u00e9vel.<\/li>\n\n\n\n<li><strong>Besz\u00e1ll\u00edt\u00f3 partnerek r\u00e9sz\u00e9re kifizetett el\u0151leg biztos\u00edt\u00e1si v\u00e9delme:<\/strong> Amennyiben besz\u00e1ll\u00edt\u00f3 partnereinek el\u0151leget vagy ak\u00e1r a teljes v\u00e9tel\u00e1rat el\u0151re meg kell fizetnie, mik\u00f6zben a megv\u00e1s\u00e1rolt \u00e1ru m\u00e9g nem ker\u00fclt a birtok\u00e1ba, ez esetben van lehet\u0151s\u00e9g ezt az el\u0151leget is v\u00e9delem al\u00e1 helyezni.<\/li>\n\n\n\n<li><strong>Az \u00c1FA v\u00e9delme&nbsp; <\/strong>A hitelbiztos\u00edt\u00e1s belf\u00f6ld\u00f6n az \u00c1FA-val n\u00f6velt sz\u00e1mla \u00e9rt\u00e9k\u00e9t biztos\u00edtja, \u00edgy az \u00c1FA \u00f6sszeg\u00e9t is megt\u00e9r\u00edti a szerz\u0151d\u00e9s szerint.<\/li>\n<\/ul>\n\n\n\n<div style=\"height:100px\" aria-hidden=\"true\" class=\"wp-block-spacer\"><\/div>\n\n\n\n<div class=\"wp-block-columns is-layout-flex wp-container-core-columns-is-layout-3 wp-block-columns-is-layout-flex\">\n<div class=\"wp-block-column is-layout-flow wp-block-column-is-layout-flow\" style=\"flex-basis:33.33%\">\n<h4 class=\"wp-block-heading\"><strong>Hogyan m\u0171k\u00f6dik a hitelbiztos\u00edt\u00e1s?<\/strong><\/h4>\n\n\n\n<p><\/p>\n\n\n\n<ol class=\"wp-block-list\">\n<li><strong>Kock\u00e1zat\u00e9rt\u00e9kel\u00e9s:<\/strong><br>A biztos\u00edt\u00f3 felm\u00e9ri vev\u0151i p\u00e9nz\u00fcgyi helyzet\u00e9t, \u00e9s meghat\u00e1rozza a hitelkeretet.<\/li>\n\n\n\n<li><strong>Fedezet biztos\u00edt\u00e1sa<\/strong>:<br>A biztos\u00edt\u00f3 fedezetet ny\u00fajt a vev\u0151 nemfizet\u00e9se eset\u00e9re.<\/li>\n\n\n\n<li><strong>K\u00f6vetel\u00e9skezel\u00e9s<\/strong><br>Nemfizet\u00e9s eset\u00e9n a biztos\u00edt\u00f3 kezeli a behajt\u00e1st, \u00e9s sikertelens\u00e9g eset\u00e9n k\u00e1rt\u00e9r\u00edt\u00e9st fizet.<\/li>\n<\/ol>\n<\/div>\n\n\n\n<div class=\"wp-block-column is-layout-flow wp-block-column-is-layout-flow\" style=\"flex-basis:66.66%\">\n<figure class=\"wp-block-embed is-type-video is-provider-youtube wp-block-embed-youtube wp-embed-aspect-16-9 wp-has-aspect-ratio\"><div class=\"wp-block-embed__wrapper\">\n<iframe loading=\"lazy\" title=\"Hitelbiztositas\" width=\"500\" height=\"281\" src=\"https:\/\/www.youtube.com\/embed\/LQdaBFb8CPg?feature=oembed\" frameborder=\"0\" allow=\"accelerometer; autoplay; clipboard-write; encrypted-media; gyroscope; picture-in-picture; web-share\" referrerpolicy=\"strict-origin-when-cross-origin\" allowfullscreen><\/iframe>\n<\/div><\/figure>\n<\/div>\n<\/div>\n\n\n\n<div style=\"height:100px\" aria-hidden=\"true\" class=\"wp-block-spacer\"><\/div>\n\n\n\n<h2 class=\"wp-block-heading\">\u00dcgyfeleink mondt\u00e1k<\/h2>\n\n\n\n<div class=\"wp-block-columns is-layout-flex wp-container-core-columns-is-layout-4 wp-block-columns-is-layout-flex\">\n<div class=\"wp-block-column is-layout-flow wp-block-column-is-layout-flow\">\n<h6 class=\"wp-block-heading\"><strong>A vas- \u00e9s ac\u00e9lipar egyik jelent\u0151s c\u00e9g\u00e9nek \u00fcgyvezet\u0151-tulajdonosa:<\/strong><\/h6>\n<\/div>\n\n\n\n<div class=\"wp-block-column is-layout-flow wp-block-column-is-layout-flow\">\n<h6 class=\"wp-block-heading\"><strong>Bor\u00e1szati v\u00e1llalkoz\u00e1sban m\u0171k\u00f6d\u0151 \u00fcgyfel\u00fcnk:<\/strong><\/h6>\n<\/div>\n\n\n\n<div class=\"wp-block-column is-layout-flow wp-block-column-is-layout-flow\">\n<h6 class=\"wp-block-heading\"><strong>KKV szektorban dolgoz\u00f3 keresked\u0151 c\u00e9g \u00fcgyvezet\u0151je:<\/strong><\/h6>\n<\/div>\n<\/div>\n\n\n\n<div class=\"wp-block-columns is-layout-flex wp-container-core-columns-is-layout-5 wp-block-columns-is-layout-flex\">\n<div class=\"wp-block-column is-layout-flow wp-block-column-is-layout-flow\">\n<blockquote class=\"wp-block-quote is-layout-flow wp-block-quote-is-layout-flow\">\n<figure class=\"wp-block-pullquote\"><blockquote><p>A hitelbiztos\u00edt\u00e1s bevezet\u00e9s\u00e9t k\u00f6vet\u0151en m\u00e1r az els\u0151 \u00e9vben 8 nappal cs\u00f6kkent az \u00e1tlagos fizet\u00e9si k\u00e9sedelem. Ez \u00e9ves szinten t\u00f6bb milli\u00f3 forint megtakar\u00edt\u00e1st jelentett, ami kitermelte a hitelbiztos\u00edt\u00e1s k\u00f6lts\u00e9g\u00e9t \u00e9s er\u0151s\u00edtette a c\u00e9g\u00fcnk likvidit\u00e1s\u00e1t.<\/p><\/blockquote><\/figure>\n<\/blockquote>\n<\/div>\n\n\n\n<div class=\"wp-block-column is-layout-flow wp-block-column-is-layout-flow\">\n<blockquote class=\"wp-block-quote is-layout-flow wp-block-quote-is-layout-flow\">\n<figure class=\"wp-block-pullquote\"><blockquote><p>Az export sajnos egyre kock\u00e1zatosabb, \u00e9s a kinnlev\u0151s\u00e9geink behajt\u00e1sa bonyolult \u00e9s k\u00f6lts\u00e9ges folyamat (\u00fcgyv\u00e9d, illet\u00e9kek, d\u00edjak, stb). Az Ensure alkusz k\u00f6zrem\u0171k\u00f6d\u00e9s\u00e9vel a Hitelbiztos\u00edt\u00f3 szerencs\u00e9re ezt a terhet levette a v\u00e1llunkr\u00f3l, a teljes behajt\u00e1si folyamatot elv\u00e9gezt\u00e9k \u00e9s v\u00e1llalt\u00e1k a kapcsol\u00f3d\u00f3 k\u00f6lts\u00e9geket is.<\/p><\/blockquote><\/figure>\n<\/blockquote>\n<\/div>\n\n\n\n<div class=\"wp-block-column is-layout-flow wp-block-column-is-layout-flow\">\n<blockquote class=\"wp-block-quote is-layout-flow wp-block-quote-is-layout-flow\">\n<figure class=\"wp-block-pullquote\"><blockquote><p>T\u00f6bb sz\u00e1z \u00fcgyf\u00e9llel dolgozunk, \u00edgy sajnos kiv\u00e9dhetetlen volt \u00e9vr\u0151l \u00e9vre n\u00e9h\u00e1ny partnern\u00e9l a fizet\u00e9si k\u00e9sedelem, illetve nemfizet\u00e9sb\u0151l ered\u0151 elj\u00e1r\u00e1sok elind\u00edt\u00e1sa. Ami\u00f3ta hitelbiztos\u00edt\u00f3val dolgozom ezek a k\u00e1rok megt\u00e9r\u00fclnek. Az Ensure alkusz munkat\u00e1rsaira a k\u00e1rfolyamat sor\u00e1n is sz\u00e1m\u00edthatok, \u00edgy az id\u0151m \u00e9s energi\u00e1m 100%-\u00e1t az \u00fczletem fejleszt\u00e9s\u00e9re tudom ford\u00edtani.<\/p><\/blockquote><\/figure>\n<\/blockquote>\n<\/div>\n<\/div>\n\n\n\n<h2 class=\"wp-block-heading\">Partnereink<\/h2>\n\n\n\n<div class=\"wp-block-columns is-layout-flex wp-container-core-columns-is-layout-7 wp-block-columns-is-layout-flex\">\n<div class=\"wp-block-column is-layout-flow wp-block-column-is-layout-flow\">\n<div class=\"wp-block-columns is-layout-flex wp-container-core-columns-is-layout-6 wp-block-columns-is-layout-flex\">\n<div class=\"wp-block-column is-layout-flow wp-block-column-is-layout-flow\">\n<figure class=\"wp-block-image size-full\"><img loading=\"lazy\" decoding=\"async\" width=\"474\" height=\"131\" src=\"https:\/\/vevokoveteles.ensure.hu\/wp-content\/uploads\/2025\/04\/Allianz-Trade-logo-1.jpg\" alt=\"\" class=\"wp-image-172\" srcset=\"https:\/\/vevokoveteles.ensure.hu\/wp-content\/uploads\/2025\/04\/Allianz-Trade-logo-1.jpg 474w, https:\/\/vevokoveteles.ensure.hu\/wp-content\/uploads\/2025\/04\/Allianz-Trade-logo-1-300x83.jpg 300w\" sizes=\"auto, (max-width: 474px) 100vw, 474px\" \/><\/figure>\n<\/div>\n\n\n\n<div class=\"wp-block-column is-layout-flow wp-block-column-is-layout-flow\">\n<figure class=\"wp-block-image size-large\"><img loading=\"lazy\" decoding=\"async\" width=\"1024\" height=\"409\" src=\"https:\/\/vevokoveteles.ensure.hu\/wp-content\/uploads\/2025\/04\/Atradius_Managing-risk_C_Pos-1024x409.jpg\" alt=\"\" class=\"wp-image-169\" srcset=\"https:\/\/vevokoveteles.ensure.hu\/wp-content\/uploads\/2025\/04\/Atradius_Managing-risk_C_Pos-1024x409.jpg 1024w, https:\/\/vevokoveteles.ensure.hu\/wp-content\/uploads\/2025\/04\/Atradius_Managing-risk_C_Pos-300x120.jpg 300w, https:\/\/vevokoveteles.ensure.hu\/wp-content\/uploads\/2025\/04\/Atradius_Managing-risk_C_Pos-768x307.jpg 768w, https:\/\/vevokoveteles.ensure.hu\/wp-content\/uploads\/2025\/04\/Atradius_Managing-risk_C_Pos-1536x614.jpg 1536w, https:\/\/vevokoveteles.ensure.hu\/wp-content\/uploads\/2025\/04\/Atradius_Managing-risk_C_Pos-2048x819.jpg 2048w\" sizes=\"auto, (max-width: 1024px) 100vw, 1024px\" \/><\/figure>\n<\/div>\n<\/div>\n<\/div>\n<\/div>\n\n\n\n<div class=\"wp-block-columns is-layout-flex wp-container-core-columns-is-layout-8 wp-block-columns-is-layout-flex\">\n<div class=\"wp-block-column is-layout-flow wp-block-column-is-layout-flow\">\n<figure class=\"wp-block-image size-large\"><img loading=\"lazy\" decoding=\"async\" width=\"1024\" height=\"462\" src=\"https:\/\/vevokoveteles.ensure.hu\/wp-content\/uploads\/2025\/04\/Logo-Coface-RVB-1024x462.jpg\" alt=\"\" class=\"wp-image-170\" srcset=\"https:\/\/vevokoveteles.ensure.hu\/wp-content\/uploads\/2025\/04\/Logo-Coface-RVB-1024x462.jpg 1024w, https:\/\/vevokoveteles.ensure.hu\/wp-content\/uploads\/2025\/04\/Logo-Coface-RVB-300x135.jpg 300w, https:\/\/vevokoveteles.ensure.hu\/wp-content\/uploads\/2025\/04\/Logo-Coface-RVB-768x347.jpg 768w, https:\/\/vevokoveteles.ensure.hu\/wp-content\/uploads\/2025\/04\/Logo-Coface-RVB-1536x693.jpg 1536w, https:\/\/vevokoveteles.ensure.hu\/wp-content\/uploads\/2025\/04\/Logo-Coface-RVB-2048x924.jpg 2048w\" sizes=\"auto, (max-width: 1024px) 100vw, 1024px\" \/><\/figure>\n<\/div>\n\n\n\n<div class=\"wp-block-column is-layout-flow wp-block-column-is-layout-flow\">\n<figure class=\"wp-block-image size-large\"><img loading=\"lazy\" decoding=\"async\" width=\"1024\" height=\"507\" src=\"https:\/\/vevokoveteles.ensure.hu\/wp-content\/uploads\/2025\/04\/credendo_logo_rgb_4406_0-1024x507.jpg\" alt=\"\" class=\"wp-image-171\" srcset=\"https:\/\/vevokoveteles.ensure.hu\/wp-content\/uploads\/2025\/04\/credendo_logo_rgb_4406_0-1024x507.jpg 1024w, https:\/\/vevokoveteles.ensure.hu\/wp-content\/uploads\/2025\/04\/credendo_logo_rgb_4406_0-300x148.jpg 300w, https:\/\/vevokoveteles.ensure.hu\/wp-content\/uploads\/2025\/04\/credendo_logo_rgb_4406_0-768x380.jpg 768w, https:\/\/vevokoveteles.ensure.hu\/wp-content\/uploads\/2025\/04\/credendo_logo_rgb_4406_0-1536x760.jpg 1536w, https:\/\/vevokoveteles.ensure.hu\/wp-content\/uploads\/2025\/04\/credendo_logo_rgb_4406_0.jpg 1805w\" sizes=\"auto, (max-width: 1024px) 100vw, 1024px\" \/><\/figure>\n<\/div>\n<\/div>\n\n\n\n<div style=\"height:100px\" aria-hidden=\"true\" class=\"wp-block-spacer\"><\/div>\n\n\n\n<div class=\"wp-block-columns is-layout-flex wp-container-core-columns-is-layout-9 wp-block-columns-is-layout-flex\">\n<div class=\"wp-block-column is-layout-flow wp-block-column-is-layout-flow\">\n<h4 class=\"wp-block-heading\"><strong>Tudjon meg t\u00f6bbet, hogyan v\u00e9dheti meg c\u00e9g\u00e9t nemfizet\u00e9sb\u0151l ered\u0151 kock\u00e1zatokt\u00f3l!<\/strong><br><br>K\u00e9rjen ingyenes, online vagy szem\u00e9lyes konzult\u00e1ci\u00f3t az el\u00e9rhet\u0151s\u00e9gei megad\u00e1s\u00e1val<\/h4>\n<\/div>\n\n\n\n<div class=\"wp-block-column is-vertically-aligned-center is-style-default is-layout-flow wp-block-column-is-layout-flow\">\n<div class=\"wp-block-buttons is-content-justification-center is-layout-flex wp-container-core-buttons-is-layout-1 wp-block-buttons-is-layout-flex\">\n<div class=\"wp-block-button has-custom-width wp-block-button__width-75 is-style-fill\"><a class=\"wp-block-button__link wp-element-button\" href=\"https:\/\/vevokoveteles.ensure.hu\/index.php\/kapcsolat\/\"><strong>\u00c9RDEKEL<\/strong><\/a><\/div>\n<\/div>\n<\/div>\n<\/div>\n\n\n\n<p><\/p>\n","protected":false},"excerpt":{"rendered":"<p>A mai \u00fczleti k\u00f6rnyezetben a vev\u0151k fizet\u00e9si k\u00e9sedelmei vagy nemfizet\u00e9sei komoly p\u00e9nz\u00fcgyi neh\u00e9zs\u00e9geket okozhatnak. A hitelbiztos\u00edt\u00e1s megv\u00e9di v\u00e1llalkoz\u00e1s\u00e1t ezekt\u0151l a kock\u00e1zatokt\u00f3l, biztos\u00edtva a stabil cash flow-t \u00e9s a nyugodt \u00fczletmenetet. \u00c1lland\u00f3 kock\u00e1zatot jelent a v\u00e1llalkoz\u00e1s\u00e1ban, hogy a vev\u0151i kifizetik-e a sz\u00e1ml\u00e1ikat? Halasztott fizet\u00e9ssel \u00faj vev\u0151ket tudna megszerezni, de tart a nemfizet\u00e9si kock\u00e1zatt\u00f3l? T\u00fal sok id\u0151t [&hellip;]<\/p>\n","protected":false},"author":2,"featured_media":0,"parent":0,"menu_order":0,"comment_status":"closed","ping_status":"closed","template":"","meta":{"footnotes":""},"class_list":["post-199","page","type-page","status-publish","hentry"],"_links":{"self":[{"href":"https:\/\/vevokoveteles.ensure.hu\/index.php\/wp-json\/wp\/v2\/pages\/199","targetHints":{"allow":["GET"]}}],"collection":[{"href":"https:\/\/vevokoveteles.ensure.hu\/index.php\/wp-json\/wp\/v2\/pages"}],"about":[{"href":"https:\/\/vevokoveteles.ensure.hu\/index.php\/wp-json\/wp\/v2\/types\/page"}],"author":[{"embeddable":true,"href":"https:\/\/vevokoveteles.ensure.hu\/index.php\/wp-json\/wp\/v2\/users\/2"}],"replies":[{"embeddable":true,"href":"https:\/\/vevokoveteles.ensure.hu\/index.php\/wp-json\/wp\/v2\/comments?post=199"}],"version-history":[{"count":11,"href":"https:\/\/vevokoveteles.ensure.hu\/index.php\/wp-json\/wp\/v2\/pages\/199\/revisions"}],"predecessor-version":[{"id":244,"href":"https:\/\/vevokoveteles.ensure.hu\/index.php\/wp-json\/wp\/v2\/pages\/199\/revisions\/244"}],"wp:attachment":[{"href":"https:\/\/vevokoveteles.ensure.hu\/index.php\/wp-json\/wp\/v2\/media?parent=199"}],"curies":[{"name":"wp","href":"https:\/\/api.w.org\/{rel}","templated":true}]}}